the tens digit of l(j)?
1
Let p be (-224 - -1) + 3 + 18/6. Let j = p - -453. What is the hundreds digit of j?
2
Suppose -32*a - 7509 = -40213. What is the hundreds digit of a?
0
Let l(q) = 49*q - 29. What is the tens digit of l(5)?
1
What is the tens digit of (-22)/187 - (-347760)/68?
1
What is the hundreds digit of -247*(-18)/(-12)*8/(-12)?
2
What is the hundreds digit of (471/(-4))/(2/(-16))?
9
Let d(w) = -w**2 - 5*w + 5. Let b be d(-4). Let y = b + 42. What is the tens digit of y?
5
Let l(t) = t**2 + 4*t - 2. Let i be l(-7). Let q = i - 16. What is the units digit of q?
3
Let o(j) = j - 5. Let f be o(-8). Suppose c + c = 34. Let z = f + c. What is the units digit of z?
4
Suppose -23*h = -24*h - 96. Let j = h + 204. What is the tens digit of j?
0
Suppose 76 = -0*b - b. Let a be (2 - 4) + b/(-1). Suppose -n = -5*k - 50, 3*n + k - 60 = a. What is the units digit of n?
5
Suppose 3*s - 4*s = 0. Let y = 30 - s. What is the units digit of y?
0
Let q = -11 - -10. Let h = 0 - q. Suppose 4*o + 12 = 0, -5*g + 3*o - h = -65. What is the tens digit of g?
1
Suppose 641*o - 1702 = 640*o. What is the tens digit of o?
0
What is the units digit of ((-4)/(-2))/(122/132248)?
8
Let k(c) be the first derivative of 2/3*c**3 + 2*c - 3/2*c**2 - 2. What is the tens digit of k(-4)?
4
Let g(t) be the first derivative of 0 + t**2 + t**2 - 3*t**2 - 2*t + 2. What is the units digit of g(-4)?
6
Let b(m) = -m**3 + 11*m**2 + 12*m - 27. What is the units digit of b(10)?
3
Let t = 780 - 510. What is the units digit of t?
0
Let y(t) = -t + 23. Let u be y(13). Let o be 15/u*140/6. Suppose 4*a = 69 + o. What is the tens digit of a?
2
Let l = 6405 - 2794. What is the units digit of l?
1
Let w = 3244 - 590. What is the thousands digit of w?
2
Let y = 32 + -4. Let w be (2/(-7))/((-4)/y). Suppose -3*g - 2*o - o = -108, 0 = -w*o + 2. What is the tens digit of g?
3
Suppose 2*h - 10 = -s + 1, 20 = 4*s. Suppose -h*n - 3 = -12. Suppose -11 = n*y + 5*r, 2*y - 26 = r + 4*r. What is the units digit of y?
3
Let g = 8 - -4. Suppose -m - g = -0. Let i = m + 31. What is the tens digit of i?
1
Suppose 1153*h - 330 = 1148*h. What is the units digit of h?
6
Let i(j) = 3*j**2 - 7*j + 7. What is the units digit of i(12)?
5
Let m = -10 + 15. Suppose 0 = -m*p + 2*p. What is the units digit of 0 - (-9 + p + 1)?
8
Suppose 160*r - 158*r = -2*y + 5328, -3*y + 3*r + 7986 = 0. What is the units digit of y?
3
Suppose -4*q + 3 = -13. Suppose -5*m + 5*u = 5 + 10, 0 = -q*m + u + 3. Suppose -3 = -x + m*b + 2, -5*x + 25 = -3*b. What is the units digit of x?
5
Let j(q) = -q - 1. Let k(y) = 4*y - 11. Let r(u) = -5*j(u) - k(u). Let v be r(-14). Let x = -1 + v. What is the units digit of x?
1
Suppose 5*m - 7*m + 10 = 0. Suppose -m*h = 5*c - 132 - 548, h + 5*c = 140. What is the tens digit of h?
3
Let y = -3 + 0. Let p be (-1)/((-4)/8) - y. Suppose -25 = -4*h - 5*a + 102, 3*a = -p*h + 149. What is the units digit of h?
8
Let s = -75 + 126. Suppose -4*r + s = -165. Let y = r + -28. What is the tens digit of y?
2
Let v(d) = 8*d + 212. What is the tens digit of v(15)?
3
Let j(x) = -x - 2. Let a be j(-6). Suppose 2*p + a*d = 16 + 134, 0 = 5*p - d - 353. What is the tens digit of p?
7
What is the thousands digit of (12/36)/((-1)/(-4197))?
1
Let j(b) = -b**2 + 4*b - 8. Let o be j(6). Let c be 0/1*10/o. Let s = 20 - c. What is the tens digit of s?
2
Let m be 40/(-70) - (-10)/(-7). Suppose 3*i - 5*j = 135, -3*i + 141 = -j - 2*j. Let k = i + m. What is the tens digit of k?
4
Suppose 0 = -3*w + 5*w - 10. Let n = w + -15. What is the units digit of (-13)/(-2) + (-15)/n?
8
Suppose 8*o + 24*o = 31328. What is the hundreds digit of o?
9
Let g be (16/(-6))/((-6)/(-18)). Let c = g - -12. Suppose -32 = c*j - 6*j. What is the tens digit of j?
1
Let z = -89 - -156. Suppose -5*r + 101 = -3*s, -2*r + z = -2*s + r. Let v = s + 71. What is the tens digit of v?
3
Suppose 4*l - 5*l - 2835 = -4*a, l - 5 = 0. What is the hundreds digit of a?
7
Let y = -25 + 27. Suppose -10 = f - 5, -4*v + y*f + 150 = 0. What is the tens digit of v?
3
Let r = -87 - -298. What is the tens digit of r?
1
Suppose -3*m - 2*g + 2 = m, -5*m - 3*g = -1. Suppose -144 = -m*h - 2*o - 56, 0 = 2*h + 3*o - 90. What is the units digit of h?
2
Let s(n) be the second derivative of 3*n**4/2 + n**2/2 + 6*n. What is the tens digit of s(1)?
1
Suppose -16*k + 3143 + 1289 = 0. Suppose -b + 277 = u, -5*u - k = 2*b - 816. What is the hundreds digit of b?
2
Let s(a) = -a**2 + 2*a. Let j be s(-4). Let t(y) = y**2 - 13*y - 8. Let q be t(14). What is the tens digit of (-3)/q*4 - j?
2
Suppose -24 = 13*l + 2. What is the units digit of 45 + (3 - 2)/(l/6)?
2
Suppose 5*p = 5*b - 70, -b = -4*p - 8 + 3. Suppose -4*m = -5*m + b. What is the tens digit of m?
1
Let h be 82/7 + 2/7. What is the units digit of 0*(-2)/h*-3 - -96?
6
Suppose 1955 = 3*b - k, -2*b + 927 = -k - 377. What is the tens digit of b?
5
Suppose 5*k + 5 = -5*z, z - 7 = 2*k + k. Suppose -z = -m - 4. What is the units digit of ((-7)/m)/((-3)/(-18))?
4
What is the hundreds digit of (-16)/20 + (-122)/(-10)*59?
7
Let x = 51 - -13. Let o = 92 - x. Suppose 9 = -g + o. What is the tens digit of g?
1
Suppose -36 = -5*z - c, 3*z + 4*c - 3 = 22. Let p = 9 - z. What is the units digit of 858/65 + p/(-10)?
3
Suppose -240 = 5*w - 0*w + 5*a, -194 = 4*w + 5*a. Let x = -23 - w. What is the units digit of x?
3
Let x(u) = -2*u + 50. Let m be x(23). Suppose -5*k + 84 = f, -m*f + 2*k + 180 + 200 = 0. What is the tens digit of f?
9
Let t = 11 + -6. Suppose -5 = 3*d + t*f - 0, -2*f = -3*d + 2. Suppose d*u = -u + 16. What is the units digit of u?
6
Suppose -6*y = -2*y + 208. Let b = y + 137. Suppose 9*k = 4*k + b. What is the tens digit of k?
1
Suppose 4276 + 1744 = 20*u. What is the units digit of u?
1
Let l(x) = x + 9. Let i be l(-8). Let t be 6 + (1 - i)*-1. Suppose -2*h + d + 72 = 3*d, -h = -5*d - t. What is the tens digit of h?
3
Suppose -2*a + 112 = 14*a. Suppose -21*j = -a*j - 1442. What is the hundreds digit of j?
1
Suppose -180 = 6*u - 1038. What is the units digit of u?
3
Suppose -2*d = -0*d - 4*o - 12, 2*d - 3*o - 16 = 0. Let y = 16 - d. Suppose 2*f - f = -3*m + 14, -y*m - 5*f + 31 = 0. What is the units digit of m?
3
Let p(w) = 26*w. Let f be p(9). Suppose f = m + m + 2*c, -4*m + 468 = -c. What is the units digit of m?
7
What is the units digit of 204/(-8)*(-572)/33?
2
Let c = 2748 + -1537. What is the tens digit of c?
1
Let i(c) = 67*c**2. Let s be i(1). Let q = s - 30. What is the units digit of q?
7
Let h be (3 + -1 - 3) + -89. Let f = -60 - h. Let m = f + -13. What is the tens digit of m?
1
Suppose 100 = -8*a + 13*a. Let b = a - 13. What is the units digit of b?
7
Suppose 0 = -4*x - 5*r + 31, 2*x + 5*r - 14 = 3*r. Suppose h = -3*h + x. What is the tens digit of (h/(-3))/((-6)/288)?
1
Let s(i) = i**2 + 9*i + 12. Let y be s(-7). Let d be (64/y + 1)/(-1). Let u = d + -1. What is the tens digit of u?
3
Suppose -5*d + 12*d - 4830 = 0. What is the tens digit of d?
9
Suppose 2*z - 5*z - v = -41, 2*z + 3*v - 39 = 0. Let f = 5 + z. Let w = 33 - f. What is the units digit of w?
6
What is the tens digit of 34/(((-7)/861)/(2/(-12)))?
9
Let p be (1 + 5)*2*1. Let m be 3/(p/2 + -3). Let j = m - -15. What is the tens digit of j?
1
Let i(m) = -m - 2. Let o be i(-5). Suppose -4*b - o*p + 63 = -120, 2*p = -2*b + 92. What is the units digit of b?
5
Suppose 2*l + 8 = 4*l. What is the tens digit of -1 - l/(8/(-110))?
5
Let q(d) = 5*d - 22. Let w be q(5). Suppose 0 = 3*j + 2*u + 3 - 102, -w*j = -2*u - 111. What is the units digit of j?
5
Let b(w) = -2*w**3 - 2*w**2 + 3*w + 3. Suppose 0*s + 8 = s + 4*u, 4*s + 1 = -5*u. Let m be b(s). Suppose -4*l = -l - m. What is the tens digit of l?
2
Let s(b) = b**2 - 23*b + 28. Let o be s(22). Suppose 0*d - o*d = -462. What is the units digit of d?
7
Suppose -11*q - 243 = -1068. What is the units digit of q?
5
Suppose -2 = 2*n, 0 = -2*m + 5*n - 184 + 889. What is the tens digit of m?
5
Let a = -124 + 246. What is the hundreds digit of a?
1
Let a(h) = 9*h - 48. What is the units digit of a(24)?
8
Suppose 2 = -9*c + 146. What is the units digit of c*(0 - 2/(-4)*13)?
4
Suppose -3*n = 2*n. Suppose -7*o + 3*o + 20 = n. Let s = o + 9. What is the tens digit of s?
1
Let n = 256 + 287. What is the tens digit of n?
4
Let m(t) = 9